 + 12392. Calculate the greatest common factor of 1426 and r.
62
Let l(b) = -37*b - 89. Let j be l(-16). Calculate the highest common factor of j and 1.
1
Let i(d) = -15*d - 115. Let g be i(-8). Suppose 5*h + 6*k - 6121 = 2*k, -g*k = 5. Calculate the highest common divisor of 25 and h.
25
Let a = 371 + -312. Suppose 2*v - 4*v - m + a = 0, -2*v + 2*m + 62 = 0. What is the highest common factor of v and 18?
6
Let n = -125 - -72. Let p = n - -50. Let k(t) = t**3 + 3*t**2 - 6*t - 5. Let c be k(p). Calculate the greatest common factor of 13 and c.
13
Let q(c) = c**3 - 40*c**2 + 2*c - 78. Let z be q(40). Let w be -3 - (-16)/z - 1. Calculate the highest common factor of 46 and w.
2
Let m(x) = -x**3 + 11*x**2 - 8*x + 3. Let b be m(4). Suppose -3*n - 5*c + b = 18, 0 = -5*n + c + 71. Calculate the highest common divisor of n and 9.
3
Suppose 4*s + 56 + 64 = 0. Let c = 39 + s. Suppose d - c = -2*d. What is the highest common divisor of 33 and d?
3
Suppose -5*k + l = -111, -4*k - l + 6*l + 72 = 0. What is the greatest common divisor of k and 8717?
23
Let u(m) = -9*m + 42. Let v(x) = -10*x + 44. Let i(t) = -6*u(t) + 5*v(t). Let k be i(16). Calculate the greatest common divisor of k and 112.
16
Suppose 2*g - 7 + 3 = 0. Let c be 165/35 - 4/(-14). Suppose 0 = -k + c*i + 14, -4*k - 10*i = -13*i - 56. What is the greatest common divisor of g and k?
2
Suppose 73*j + 53473 = 12*j + 245989. What is the greatest common divisor of j and 12?
12
Let z = 1 + 5. Let i(q) = -q**3 - 19*q**2 + q + 21. Let s be i(-19). Let p be 1/s*(36 + 1 + -1). Calculate the greatest common factor of p and z.
6
Let b(q) = 2*q**2 - 81*q - 459. Let u be b(46). Calculate the greatest common divisor of 752 and u.
47
Let b(y) = -y**3 - 47*y**2 - 44*y + 69. Let p be b(-46). Let f(t) = -14*t - 52. Let o be f(p). What is the highest common factor of o and 180?
90
Let x(i) = -i + 5. Let q be x(-9). Suppose 4*w - 5*v = 260, -11*v + 13*v - 8 = 0. Calculate the highest common factor of w and q.
14
Suppose -430 = 2*a - 7*a. Let r = a - 58. Suppose r = -7*g + 532. Calculate the highest common divisor of 24 and g.
24
Suppose -t - 3 = 2*x, 3*t - t + x + 6 = 0. Let n be 1/(((-2)/t)/2). Suppose 4*m + 13 = 5*g - 12, 3*m = 3*g - 12. What is the greatest common factor of g and n?
3
Let k = -3 - -10. Let r(h) = -1 - h + 11*h - 9*h. Let m be r(k). What is the greatest common factor of m and 9?
3
Let v be 6 - (2/(-3) + (-24)/(-36)). Let u be (((-5940)/(-25))/v)/((-6)/(-15)). What is the greatest common divisor of 27 and u?
9
Let o(x) = 847*x**2 + 108*x - 108. Let c be o(1). Calculate the highest common factor of c and 154.
77
Let x(k) = k**2 - 3*k - 7. Let o be x(5). Suppose 2*m - 79 = 5*g + 46, o*m - 5*g = 185. Calculate the highest common factor of 150 and m.
30
Suppose -v = 2 - 1. Let h be 4 + (v + -1 - -2). Let g be ((-7)/((-112)/60))/((-183)/(-976)). What is the greatest common divisor of h and g?
4
Let j(z) = -z**3 + 14*z**2 - 11*z + 60. Let a be 1/((-1)/5 + (-51)/(-180)). Let o be j(a). What is the highest common divisor of 9 and o?
9
Let l be (-9)/(-6) + 34/(-17) + (-11547)/(-6). What is the highest common factor of 52 and l?
52
Suppose -7*m + 4021 = 1571. Calculate the highest common factor of m and 546.
14
Let r be (-280)/(16/80*-10). What is the highest common divisor of r and 672?
28
Let q(r) = 2*r**2 - r + 63. Let v be q(7). Calculate the highest common factor of v and 658.
14
Suppose -z - 3*h = -280, 50*z - 4*h + 795 = 53*z. What is the highest common divisor of z and 1196?
23
Let l(h) = -13*h - 14 - 25 + 3 - 22 + 40*h. Let k be l(3). Calculate the greatest common divisor of k and 3.
1
Let u be ((-24)/32)/(-3)*(2 + 1434). Let y = -303 + u. Calculate the greatest common divisor of 21 and y.
7
Suppose -6*p - 12 = -324. Suppose 3*u - 36 - 81 = 0. Calculate the greatest common divisor of p and u.
13
Let h(i) = -171*i + 1448. Let n be h(-18). Calculate the highest common factor of 248 and n.
62
Let z(c) = 24*c + 72. Let r be z(-2). Suppose -r*j - 213 = -525. Let h = -30 - -43. What is the greatest common factor of h and j?
13
Let s be ((-6)/5)/((-6)/2500). Let t be ((-7)/(-63)*9*-6)/(12/(-80)). What is the greatest common divisor of s and t?
20
Let a = 101 + -104. Let n be (-6993)/(-81) + 4/a. Suppose -t - 2 = -19. Calculate the highest common divisor of n and t.
17
Suppose -82*p + 85*p = 5*q - 486, 2*q = -4*p + 184. Calculate the greatest common factor of 564 and q.
12
Let f be (-10 + 1)*8439/(-873). What is the greatest common divisor of 1537 and f?
29
Let w(p) = p**3 - 5*p**2 + 8*p - 13. Let m(g) = 11*g + 4. Let y be m(0). Let r be w(y). Calculate the highest common divisor of r and 5.
1
Let d = 93 - 139. Let i = -2 + d. Let s = i + 84. Calculate the highest common factor of 108 and s.
36
Let t(x) = x**2 - 51*x - 27. Let o be t(59). What is the highest common factor of o and 40?
5
Suppose 2 = 2*j, 5*h + 0*h = 3*j + 217. Calculate the highest common divisor of 913 and h.
11
Let t be 89/((-3204)/(-309960))*(-6)/(-5). What is the greatest common factor of t and 504?
252
Let w be 21 + (-27 - -22) + 7. Calculate the highest common factor of w and 10327.
23
Let r(x) = -60 + 14 - 17 + 37*x. Let m be r(2). Calculate the greatest common divisor of m and 11.
11
Let d be (-8)/(320/(-15))*8. Suppose 0*c - 4*v = d*c - 262, 5*c = -2*v + 460. Let f = 98 - c. Calculate the highest common divisor of f and 28.
4
Let f be (-2)/(-10) - (-678)/10. Let l = -5119 - -5595. Calculate the highest common factor of l and f.
68
Suppose 208*u = 217*u - 45. Suppose 0 = u*m - 3968 - 5247. Calculate the greatest common factor of m and 97.
97
Suppose -4*c - t + 5*t - 316 = 0, 2*t + 76 = -c. Let b = c + 90. Suppose -3*l - 96 = -4*l. What is the highest common factor of b and l?
12
Let o be (-11)/((-330)/522)*150/45. Calculate the greatest common divisor of 3538 and o.
58
Let l(i) = -i**3 - 3*i**2 + 6*i + 7. Let f be l(-4). Let r be (f + -2 + 1)*(-11 - -5). Calculate the highest common divisor of 96 and r.
12
Let p = -721 - -827. Suppose 11*o + 7 - p = 0. What is the greatest common factor of o and 1?
1
Let x be -2*2/8*-6. Suppose 2*k + 1 = x*k. Let u be (-455)/(-13)*(k + 0). What is the greatest common divisor of 14 and u?
7
Suppose 45*s - 238 = 31*s. Suppose 0 = 2*l + 4*b + s - 67, -l + 3*b + 5 = 0. What is the greatest common divisor of 391 and l?
17
Suppose 258 = 99*s - 114 - 321. Suppose 0 = -n + 345 + 376. Calculate the highest common divisor of n and s.
7
Let g = -6200 - -6466. Calculate the greatest common divisor of 112 and g.
14
Let p be (-48)/(-32)*-12 + 706. Let b = 80 - -6. What is the greatest common factor of p and b?
86
Let b(p) = -6*p + 32. Let s be b(5). Suppose 0 = 2*h - s*j + 6, -h + 4*j - 6 = -0*h. Let d be -18*h/(-16)*-8. Calculate the greatest common divisor of 12 and d.
6
Let n = 91 - 36. Suppose 82*j - 4229 = 2085. Calculate the greatest common factor of j and n.
11
Let f(t) = 40 - 14 - 2 + 30 + t. Let b be f(0). Suppose 2942*p - 2936*p - 486 = 0. Calculate the highest common factor of b and p.
27
Let i be (65 - 2) + (-1 - -2). Let h(y) = y**2 - 106*y - 7704. Let z be h(156). What is the highest common divisor of z and i?
32
Suppose j - 798 = 5*r - 408, -2*j + 5*r + 775 = 0. Calculate the highest common factor of 25 and j.
5
Suppose -4692*n - 250560 = -4732*n. What is the highest common factor of 1080 and n?
216
Let l(x) = -x**3 - 5 + 9 - 3*x**3 + x + x**2 - 3. Let v be ((-17)/17)/((-2)/(-2)). Let s be l(v). Calculate the greatest common factor of s and 45.
5
Let u = 1512 - 1502. What is the highest common divisor of 7840 and u?
10
Let z be (-32)/24 - (5 + 6978/(-9)). Let d = z + -747. What is the greatest common divisor of d and 319?
11
Let b(d) = 2*d**3 - 9*d**2 - 2*d - 12. Let p be b(7). Let l be 14/91 - p/(-13). Calculate the greatest common divisor of 153 and l.
17
Suppose -22 = -3*r + 5*v - 26, 3*r = 12*v - 18. Let x be 2/4*(9 + -3). Suppose -x*q - r*q = -550. Calculate the greatest common divisor of 22 and q.
22
Suppose 3*t - 4*t = -0*t. Suppose t = -h - 62 - 0. Let l = h - -74. What is the greatest common divisor of l and 36?
12
Suppose 0 = -3*c - 3*a - 15, -5*a + a - 18 = 3*c. Let r be (2/5)/((-1)/10). Let l be (c + -3 - -59)*(-10)/r. What is the greatest common factor of l and 5?
5
Let d = -3966 